- 32424. Let q be (-4)/42 + (-5)/(630/d). Calculate the highest common factor of 40 and q.
10
Let u = 6293 - 6237. What is the highest common factor of 3206 and u?
14
Suppose 3*o = o - r + 25, o = 3*r - 5. Suppose -25 - o = -z. Suppose -p + 5*q = -45, 2*p + 2*q + 39 = 3*p. Calculate the highest common divisor of z and p.
35
Let x = -12636 - -13071. Calculate the greatest common divisor of x and 12325.
145
Suppose -155 = -4*x + 29. Suppose -15 = -j + 29. Let c = x - j. Calculate the greatest common divisor of c and 8.
2
Let u(r) = 11*r**2 + 44*r + 166. Let v be u(-39). What is the greatest common divisor of 323 and v?
323
Suppose -5*r + 7 = -18. Suppose r*g - 8*g = -3. What is the highest common factor of 5 and g?
1
Suppose 0 = -w + 4*b + 2, -3*b = 2*w + 2*w - 46. Let d be 10/(-25) - (1 - 674/w). What is the greatest common factor of d and 54?
6
Suppose 209*j + 78209 - 802673 - 381564 = 0. What is the highest common factor of j and 196?
196
Let w(v) = -v**3 - 9*v**2 - 32*v - 20. Let d be w(-4). Calculate the greatest common factor of 182 and d.
14
Suppose 2*n + 6 = 4*j, n + 5*j - 12 = -n. Let b(q) = -8*q - 32. Let o be b(-5). Suppose o*z - 90 = -2. What is the greatest common factor of z and n?
1
Suppose -5*o - 4*p = -27191, -10*o + 7*o + 16317 = 3*p. What is the greatest common divisor of o and 10?
5
Let v = -113310 - -113314. Let p(b) = -21*b + 3. Let i be p(-3). Calculate the highest common divisor of i and v.
2
Let j = -6437 + 11469. What is the greatest common divisor of j and 222?
74
Suppose -2*g + 2*w + 53 = g, 3*g = -w + 41. Let n be (10/(-2))/15*(-402 + -3). Calculate the greatest common divisor of g and n.
15
Let a = -8591 - -8895. Calculate the highest common factor of a and 3800.
152
Suppose 0 = -89*a + 107*a - 11093 - 3163. Calculate the greatest common divisor of a and 8.
8
Let r be ((-5)/2)/5 + (-33)/(-2). Suppose 5*u - 5*k - 525 = 0, 0 = 5*u - 3*k - 428 - 95. What is the greatest common divisor of r and u?
8
Let r = 6195 - 2023. Let a be 2/5 - r/(-20). Let o be (-57)/(-2)*10/15. What is the greatest common divisor of a and o?
19
Suppose 146*x - 141*x - 423 = -3*v, x - 80 = 4*v. What is the highest common divisor of x and 273?
21
Let n(p) = -2*p**3 + 136*p**2 - 50*p + 332. Let g be n(66). What is the highest common divisor of g and 139?
139
Suppose -278 - 172 = -15*f. Suppose t = 7*d - 3*d + 412, 5*t - 2096 = 2*d. What is the highest common divisor of f and t?
30
Suppose 3459*o - 3458*o - 2611 = -3*b, 5*b - 4*o = 4312. Calculate the highest common factor of b and 6727.
217
Suppose x - 22146 = -22142. Let k = 11 + -7. What is the highest common divisor of x and k?
4
Suppose -9*v + 5*v + 4758 = 2*r, 6*r = -6. Calculate the greatest common factor of v and 2465.
85
Let i = -63377 + 63475. Let l be ((-4)/5)/(2/(-315)). What is the highest common factor of l and i?
14
Let d(a) = 14*a**3 + 60*a**2 + 12*a + 17. Let h be d(-4). What is the highest common divisor of h and 1320?
33
Let s = -833 - -966. Calculate the highest common factor of s and 14.
7
Suppose 197*l - 56*l + 281*l = 13504. Let k(u) = 2*u + 2. Let m be k(-2). Let d be m/5 - (-126)/15. Calculate the greatest common factor of l and d.
8
Suppose -5*q + 452 + 117 = 3*m, m = -3*q + 339. What is the highest common factor of q and 1008?
112
Let h(l) = -l**3 - 4*l**2 - 25*l - 20. Let f be h(-4). Suppose 5*m - 3*c - f - 389 = 0, -2*m + 5*c = -180. Calculate the greatest common divisor of 133 and m.
19
Let h be 1232/8008 + (-1)/3 + (-12682)/(-39). Calculate the greatest common factor of 494 and h.
13
Suppose 4*i + 3*d - 97 = -10, -4*i - 5*d + 89 = 0. Let o be 6*(i/(-6) - 4/4). Let n = 30 + o. Calculate the highest common factor of n and 2.
1
Let x(s) = -142*s + 752. Let h be x(3). What is the highest common factor of 4 and h?
2
Suppose -7 = 3*k + 4*l, 3*l = 2 - 14. Suppose 332 - 53 = k*w. Let m = 161 - w. What is the highest common divisor of m and 170?
34
Let x be 91/(-4) - (8 + 315/(-36)). Let n = 17 - x. Calculate the greatest common factor of 13 and n.
13
Let r(z) = 2*z**2 + z + 30. Let s = 72 - 72. Let v be r(s). Suppose 4*i = -6 + v. What is the greatest common factor of i and 48?
6
Let d(z) = -2*z**2 + 14*z - 2. Let s be d(7). Let l be (-3 - (-2 - s)) + -84. Let v = -77 - l. What is the greatest common factor of v and 30?
10
Let g(q) = -q**2 - 4*q + 3. Let w be g(-4). Suppose 900 - 7388 = -8*a. Let b = -784 + a. What is the highest common factor of b and w?
3
Suppose 115*f = -160 + 735. Let m = 5 - 2. Suppose -w - w = -2*u - 16, -3*w = 4*u - m. What is the greatest common divisor of w and f?
5
Let f be (-12)/(-18) - 43/(-3). Suppose -56403 + 6648 = -107*h. What is the greatest common divisor of h and f?
15
Let o(f) = 3*f + 30. Let c be o(-11). Let k be -3*4*c/(-36) - -4. Let g be k/4 - 5/(160/(-936)). What is the highest common factor of g and 75?
15
Let d = 4742 + -3512. What is the greatest common factor of 41 and d?
41
Suppose 41 - 49 = -x. Suppose -10*c = -x*c - 78. Calculate the highest common divisor of c and 468.
39
Let p(t) = 3*t**2 + 26*t + 20. Let s be p(-8). Suppose a = 4*u - 1 - 199, 200 = 4*u + s*a. Let y = 35 + -15. What is the greatest common factor of y and u?
10
Let w(c) = -c**3 - 8*c**2 + 11*c + 23. Let f be w(-9). Suppose -69 = -f*m - 24. What is the highest common divisor of 9 and m?
9
Let x = -7 - -8. Let f be 14/(x - 4/8). Let k = 333 - 193. Calculate the greatest common factor of k and f.
28
Let k = -31954 - -31970. What is the greatest common factor of k and 14608?
16
Suppose -150 = -4*i + 3*c, 4*i - 48 = 2*i + 6*c. What is the highest common factor of 1239 and i?
21
Let r = 10 + -8. Suppose 2*i + r*p - p - 61 = 0, -2*p = 5*i - 152. Suppose -3*s + i + 18 = 0. Calculate the highest common divisor of 96 and s.
16
Let n(h) = 2*h**2 + 49*h - 50. Let u be n(1). Suppose -2*x = 3*y - 25, 2*y + x = 5*x + 22. Calculate the greatest common divisor of u and y.
1
Let n = 46 + -13. Let o = -2379 - -2478. Calculate the greatest common divisor of o and n.
33
Suppose -48*v + 23850 + 5316 = -498. Calculate the highest common factor of v and 192.
6
Suppose 15*l = -67 - 38. Let s be (164 - 0) + -1 + 7/l. What is the highest common divisor of s and 30?
6
Let g = -39 + 241. Let u = g - 191. What is the greatest common divisor of 220 and u?
11
Suppose -5*x + 2*n = -186, -116 + 132 = -2*n. Let z be 21*5/(35/102). What is the greatest common factor of x and z?
34
Let p = -8883 + 8973. Calculate the greatest common factor of 81 and p.
9
Let d be -33*-22*(-1)/(-2). Suppose 0 = -5*g + 8*g - 3, 2*g - 46 = -4*w. Suppose w*j = 133 + 230. Calculate the greatest common factor of j and d.
33
Let d(p) = -4*p**3 + 4*p**2 - p - 17. Let h be d(-3). Calculate the highest common factor of h and 1.
1
Let i be (-10 - -11)*469 + 4/4. Calculate the highest common divisor of 376 and i.
94
Let k be (1 - 5*-1)*3. Suppose -3*g - 693 = -7*j + 4*j, 0 = g - 3. What is the highest common factor of j and k?
18
Suppose b + 2*t + 36 = 0, 3*b = 5*t - 81 - 16. Let f(r) = 4*r + 148. Let q be f(b). Calculate the highest common factor of q and 84.
12
Let i be 6 - 1 - 6/(-24)*-12. Let d be ((-10)/30)/(2*i/(-1704)). Let u be 5/(-25) - d/(-10). Calculate the highest common divisor of u and 56.
14
Let b(s) = s**3 + 22*s**2 - 32*s - 47. Let i be b(-24). Let d = i + 456. Calculate the greatest common factor of d and 275.
25
Let z = -29204 - -44324. What is the highest common factor of z and 144?
144
Let g = 10395 + -10316. Calculate the highest common divisor of g and 15721.
79
Suppose -44 = -r + 27. Let h be (39/(-26))/(21/(-7952)). Calculate the greatest common factor of h and r.
71
Let p be 3/(-12) - 2*100/(-32). Let w be (-105)/(-6) + -4 + (-3)/p. Calculate the greatest common factor of w and 351.
13
Suppose 13*i - 76 - 2 = 0. Suppose 0 = -d - y - 10 + 34, -3*d + 3*y = -90. Calculate the greatest common factor of i and d.
3
Let w be (-3)/6 - 26/(-4). Suppose -3*h = 3*t - 24, 4*h = 2*t + t - 24. Suppose -2*m + t = -p - 26, -4*p = 16. What is the greatest common divisor of w and m?
3
Let d(x) = x**2 + 13*x. Let o be d(3). What is the highest common factor of 279 and o?
3
Suppose -3*c + 832 = 16. Let d = c - 245. Calculate the highest common factor of 810 and d.
27
Suppose 118*i - 119*i - 4*f + 15 = 0, -5*i + 12